{"id":829,"date":"2024-02-29T14:43:36","date_gmt":"2024-02-29T17:43:36","guid":{"rendered":"https:\/\/acrossnt.com.ar\/?page_id=829"},"modified":"2024-02-29T20:00:36","modified_gmt":"2024-02-29T23:00:36","slug":"cableado-estructurado","status":"publish","type":"page","link":"https:\/\/acrossnt.com.ar\/index.php\/servicios\/cableado-estructurado\/","title":{"rendered":"Cableado Estructurado"},"content":{"rendered":"\t\t<div data-elementor-type=\"wp-page\" data-elementor-id=\"829\" class=\"elementor elementor-829\" data-elementor-post-type=\"page\">\n\t\t\t\t<div class=\"elementor-element elementor-element-fbcddb2 e-flex e-con-boxed sc_inner_width_none sc_layouts_column_icons_position_left e-con e-parent\" data-id=\"fbcddb2\" data-element_type=\"container\" data-e-type=\"container\" data-settings=\"{&quot;background_background&quot;:&quot;classic&quot;}\">\n\t\t\t\t\t<div class=\"e-con-inner\">\n\t\t\t\t<div class=\"elementor-element elementor-element-d3a5295 premium-title-stroke-yes animation_type_sequental premium-title-color sc_fly_static elementor-invisible elementor-widget elementor-widget-premium-addon-title\" data-id=\"d3a5295\" data-element_type=\"widget\" data-e-type=\"widget\" data-settings=\"{&quot;_animation&quot;:&quot;medeus-fadeinup&quot;,&quot;_animation_delay&quot;:500}\" data-widget_type=\"premium-addon-title.default\">\n\t\t\t\t<div class=\"elementor-widget-container\">\n\t\t\t\t\t\n\t\t<div class=\"premium-title-wrapper\">\n\t\t\t<div class=\"premium-title-container style1\">\n\t\t\t\t<h2 class=\"premium-title-header premium-title-style1\">\n\t\t\t\t\t\n\t\t\t\t\t\n\t\t\t\t\t\t\t\t\t\t\t\t\t\t\t<span class=\"premium-title-text\">\n\t\t\t\t\t\tServicios de cableado estructurado para Empresas\t\t\t\t\t<\/span>\n\t\t\t\t\t\t\n\t\t\t\t\t\t\t\t\t\t\n\t\t\t\t\t\t\t\t\t<\/h2>\n\n\t\t\t<\/div>\n\n\t\t\t\t\t<\/div>\n\n\t\t\t\t\t\t<\/div>\n\t\t\t\t<\/div>\n\t\t\t\t<div class=\"elementor-element elementor-element-af740ef animation_type_block sc_fly_static elementor-invisible elementor-widget elementor-widget-text-editor\" data-id=\"af740ef\" data-element_type=\"widget\" data-e-type=\"widget\" data-settings=\"{&quot;_animation&quot;:&quot;medeus-fadeinup&quot;,&quot;_animation_delay&quot;:70}\" data-widget_type=\"text-editor.default\">\n\t\t\t\t<div class=\"elementor-widget-container\">\n\t\t\t\t\t\t\t\t\t<p>La instalaci\u00f3n de <strong>cableado estructurado<\/strong> es una inversi\u00f3n <strong>para la empresa<\/strong>.<\/p><p>En la actualidad no se concibe una empresa que descuide sus <strong>conexiones de<\/strong> <strong>telecomunicaciones<\/strong> pues pr\u00e1cticamente es su \u00fanico contacto con sus clientes y con el mundo.<\/p><p>Cuando se dise\u00f1an <strong>proyectos de<\/strong> <strong>cableado estructurado<\/strong> <strong>para empresas<\/strong>, instituciones o industrias, tenemos en cuenta todos los aspectos que hacen al desarrollo y crecimiento posterior que tal empresa alcanzar\u00e1 gracias a contar con buenas y <strong>s\u00f3lidas instalaciones<\/strong>.<\/p><p>Existen diferentes <strong>tipos de cableado estructurado<\/strong>, pero mayormente cuando mencionamos \u00abCableado Estructurado\u00bb nos referimos al concepto global que incluye: <strong>gabinetes, racks, canalizaciones,<\/strong> elecci\u00f3n del <strong>tipo de cable<\/strong> a utilizar (sea \u00e9ste de <strong>cobre (UTP)<\/strong>, de <strong>Fibra \u00d3ptica<\/strong> y todos los dem\u00e1s elementos que componen al <strong>Sistema de Telecomunicaciones<\/strong> de <strong>voz y datos<\/strong> de una empresa.<\/p>\t\t\t\t\t\t\t\t<\/div>\n\t\t\t\t<\/div>\n\t\t\t\t\t<\/div>\n\t\t\t\t<\/div>\n\t\t<div class=\"elementor-element elementor-element-14a76d9 e-flex e-con-boxed sc_inner_width_none sc_layouts_column_icons_position_left e-con e-parent\" data-id=\"14a76d9\" data-element_type=\"container\" data-e-type=\"container\" data-settings=\"{&quot;background_background&quot;:&quot;classic&quot;}\">\n\t\t\t\t\t<div class=\"e-con-inner\">\n\t\t\t\t<div class=\"elementor-element elementor-element-7da74e6 animation_type_block sc_fly_static elementor-invisible elementor-widget elementor-widget-heading\" data-id=\"7da74e6\" data-element_type=\"widget\" data-e-type=\"widget\" data-settings=\"{&quot;_animation&quot;:&quot;medeus-fadeinup&quot;}\" data-widget_type=\"heading.default\">\n\t\t\t\t<div class=\"elementor-widget-container\">\n\t\t\t\t\t<h5 class=\"elementor-heading-title elementor-size-default\">Referencias fotogr\u00e1ficas de trabajos realizados<\/h5>\t\t\t\t<\/div>\n\t\t\t\t<\/div>\n\t\t\t\t<div class=\"elementor-element elementor-element-07a2037 gallery-spacing-custom animation_type_block sc_fly_static elementor-invisible elementor-widget elementor-widget-image-gallery\" data-id=\"07a2037\" data-element_type=\"widget\" data-e-type=\"widget\" data-settings=\"{&quot;_animation&quot;:&quot;medeus-fadeinup&quot;}\" data-widget_type=\"image-gallery.default\">\n\t\t\t\t<div class=\"elementor-widget-container\">\n\t\t\t\t\t\t\t<div class=\"elementor-image-gallery\">\n\t\t\t<div id='gallery-1' class='gallery galleryid-829 gallery-columns-4 gallery-size-thumbnail'><figure class='gallery-item'>\n\t\t\t<div class='gallery-icon portrait'>\n\t\t\t\t<a data-elementor-open-lightbox=\"yes\" data-elementor-lightbox-slideshow=\"07a2037\" data-elementor-lightbox-title=\"Circuito0001\" data-e-action-hash=\"#elementor-action%3Aaction%3Dlightbox%26settings%3DeyJpZCI6ODYyLCJ1cmwiOiJodHRwczpcL1wvYWNyb3NzbnQuY29tLmFyXC93cC1jb250ZW50XC91cGxvYWRzXC8yMDI0XC8wMlwvQ2lyY3VpdG8wMDAxLmpwZyIsInNsaWRlc2hvdyI6IjA3YTIwMzcifQ%3D%3D\" href='https:\/\/acrossnt.com.ar\/wp-content\/uploads\/2024\/02\/Circuito0001.jpg'><img decoding=\"async\" width=\"150\" height=\"150\" src=\"https:\/\/acrossnt.com.ar\/wp-content\/uploads\/2024\/02\/Circuito0001-150x150.jpg\" class=\"attachment-thumbnail size-thumbnail\" alt=\"\" srcset=\"https:\/\/acrossnt.com.ar\/wp-content\/uploads\/2024\/02\/Circuito0001-150x150.jpg 150w, https:\/\/acrossnt.com.ar\/wp-content\/uploads\/2024\/02\/Circuito0001-120x120.jpg 120w, https:\/\/acrossnt.com.ar\/wp-content\/uploads\/2024\/02\/Circuito0001-370x370.jpg 370w\" sizes=\"(max-width: 150px) 100vw, 150px\" \/><\/a>\n\t\t\t<\/div><\/figure><figure class='gallery-item'>\n\t\t\t<div class='gallery-icon portrait'>\n\t\t\t\t<a data-elementor-open-lightbox=\"yes\" data-elementor-lightbox-slideshow=\"07a2037\" data-elementor-lightbox-title=\"Circuito0002\" data-e-action-hash=\"#elementor-action%3Aaction%3Dlightbox%26settings%3DeyJpZCI6ODYzLCJ1cmwiOiJodHRwczpcL1wvYWNyb3NzbnQuY29tLmFyXC93cC1jb250ZW50XC91cGxvYWRzXC8yMDI0XC8wMlwvQ2lyY3VpdG8wMDAyLmpwZyIsInNsaWRlc2hvdyI6IjA3YTIwMzcifQ%3D%3D\" href='https:\/\/acrossnt.com.ar\/wp-content\/uploads\/2024\/02\/Circuito0002.jpg'><img decoding=\"async\" width=\"150\" height=\"150\" src=\"https:\/\/acrossnt.com.ar\/wp-content\/uploads\/2024\/02\/Circuito0002-150x150.jpg\" class=\"attachment-thumbnail size-thumbnail\" alt=\"\" srcset=\"https:\/\/acrossnt.com.ar\/wp-content\/uploads\/2024\/02\/Circuito0002-150x150.jpg 150w, https:\/\/acrossnt.com.ar\/wp-content\/uploads\/2024\/02\/Circuito0002-120x120.jpg 120w, https:\/\/acrossnt.com.ar\/wp-content\/uploads\/2024\/02\/Circuito0002-370x370.jpg 370w\" sizes=\"(max-width: 150px) 100vw, 150px\" \/><\/a>\n\t\t\t<\/div><\/figure><figure class='gallery-item'>\n\t\t\t<div class='gallery-icon portrait'>\n\t\t\t\t<a data-elementor-open-lightbox=\"yes\" data-elementor-lightbox-slideshow=\"07a2037\" data-elementor-lightbox-title=\"Circuito0003\" data-e-action-hash=\"#elementor-action%3Aaction%3Dlightbox%26settings%3DeyJpZCI6ODY0LCJ1cmwiOiJodHRwczpcL1wvYWNyb3NzbnQuY29tLmFyXC93cC1jb250ZW50XC91cGxvYWRzXC8yMDI0XC8wMlwvQ2lyY3VpdG8wMDAzLmpwZyIsInNsaWRlc2hvdyI6IjA3YTIwMzcifQ%3D%3D\" href='https:\/\/acrossnt.com.ar\/wp-content\/uploads\/2024\/02\/Circuito0003.jpg'><img decoding=\"async\" width=\"150\" height=\"150\" src=\"https:\/\/acrossnt.com.ar\/wp-content\/uploads\/2024\/02\/Circuito0003-150x150.jpg\" class=\"attachment-thumbnail size-thumbnail\" alt=\"\" srcset=\"https:\/\/acrossnt.com.ar\/wp-content\/uploads\/2024\/02\/Circuito0003-150x150.jpg 150w, https:\/\/acrossnt.com.ar\/wp-content\/uploads\/2024\/02\/Circuito0003-120x120.jpg 120w, https:\/\/acrossnt.com.ar\/wp-content\/uploads\/2024\/02\/Circuito0003-370x370.jpg 370w\" sizes=\"(max-width: 150px) 100vw, 150px\" \/><\/a>\n\t\t\t<\/div><\/figure><figure class='gallery-item'>\n\t\t\t<div class='gallery-icon portrait'>\n\t\t\t\t<a data-elementor-open-lightbox=\"yes\" data-elementor-lightbox-slideshow=\"07a2037\" data-elementor-lightbox-title=\"Circuito0004\" data-e-action-hash=\"#elementor-action%3Aaction%3Dlightbox%26settings%3DeyJpZCI6ODY1LCJ1cmwiOiJodHRwczpcL1wvYWNyb3NzbnQuY29tLmFyXC93cC1jb250ZW50XC91cGxvYWRzXC8yMDI0XC8wMlwvQ2lyY3VpdG8wMDA0LmpwZyIsInNsaWRlc2hvdyI6IjA3YTIwMzcifQ%3D%3D\" href='https:\/\/acrossnt.com.ar\/wp-content\/uploads\/2024\/02\/Circuito0004.jpg'><img loading=\"lazy\" decoding=\"async\" width=\"150\" height=\"150\" src=\"https:\/\/acrossnt.com.ar\/wp-content\/uploads\/2024\/02\/Circuito0004-150x150.jpg\" class=\"attachment-thumbnail size-thumbnail\" alt=\"\" srcset=\"https:\/\/acrossnt.com.ar\/wp-content\/uploads\/2024\/02\/Circuito0004-150x150.jpg 150w, https:\/\/acrossnt.com.ar\/wp-content\/uploads\/2024\/02\/Circuito0004-120x120.jpg 120w, https:\/\/acrossnt.com.ar\/wp-content\/uploads\/2024\/02\/Circuito0004-370x370.jpg 370w\" sizes=\"(max-width: 150px) 100vw, 150px\" \/><\/a>\n\t\t\t<\/div><\/figure><figure class='gallery-item'>\n\t\t\t<div class='gallery-icon portrait'>\n\t\t\t\t<a data-elementor-open-lightbox=\"yes\" data-elementor-lightbox-slideshow=\"07a2037\" data-elementor-lightbox-title=\"Circuito0005\" data-e-action-hash=\"#elementor-action%3Aaction%3Dlightbox%26settings%3DeyJpZCI6ODY2LCJ1cmwiOiJodHRwczpcL1wvYWNyb3NzbnQuY29tLmFyXC93cC1jb250ZW50XC91cGxvYWRzXC8yMDI0XC8wMlwvQ2lyY3VpdG8wMDA1LmpwZyIsInNsaWRlc2hvdyI6IjA3YTIwMzcifQ%3D%3D\" href='https:\/\/acrossnt.com.ar\/wp-content\/uploads\/2024\/02\/Circuito0005.jpg'><img loading=\"lazy\" decoding=\"async\" width=\"150\" height=\"150\" src=\"https:\/\/acrossnt.com.ar\/wp-content\/uploads\/2024\/02\/Circuito0005-150x150.jpg\" class=\"attachment-thumbnail size-thumbnail\" alt=\"\" srcset=\"https:\/\/acrossnt.com.ar\/wp-content\/uploads\/2024\/02\/Circuito0005-150x150.jpg 150w, https:\/\/acrossnt.com.ar\/wp-content\/uploads\/2024\/02\/Circuito0005-120x120.jpg 120w, https:\/\/acrossnt.com.ar\/wp-content\/uploads\/2024\/02\/Circuito0005-370x370.jpg 370w\" sizes=\"(max-width: 150px) 100vw, 150px\" \/><\/a>\n\t\t\t<\/div><\/figure><figure class='gallery-item'>\n\t\t\t<div class='gallery-icon portrait'>\n\t\t\t\t<a data-elementor-open-lightbox=\"yes\" data-elementor-lightbox-slideshow=\"07a2037\" data-elementor-lightbox-title=\"Circuito0006\" data-e-action-hash=\"#elementor-action%3Aaction%3Dlightbox%26settings%3DeyJpZCI6ODY3LCJ1cmwiOiJodHRwczpcL1wvYWNyb3NzbnQuY29tLmFyXC93cC1jb250ZW50XC91cGxvYWRzXC8yMDI0XC8wMlwvQ2lyY3VpdG8wMDA2LmpwZyIsInNsaWRlc2hvdyI6IjA3YTIwMzcifQ%3D%3D\" href='https:\/\/acrossnt.com.ar\/wp-content\/uploads\/2024\/02\/Circuito0006.jpg'><img loading=\"lazy\" decoding=\"async\" width=\"150\" height=\"150\" src=\"https:\/\/acrossnt.com.ar\/wp-content\/uploads\/2024\/02\/Circuito0006-150x150.jpg\" class=\"attachment-thumbnail size-thumbnail\" alt=\"\" srcset=\"https:\/\/acrossnt.com.ar\/wp-content\/uploads\/2024\/02\/Circuito0006-150x150.jpg 150w, https:\/\/acrossnt.com.ar\/wp-content\/uploads\/2024\/02\/Circuito0006-120x120.jpg 120w, https:\/\/acrossnt.com.ar\/wp-content\/uploads\/2024\/02\/Circuito0006-370x370.jpg 370w\" sizes=\"(max-width: 150px) 100vw, 150px\" \/><\/a>\n\t\t\t<\/div><\/figure><figure class='gallery-item'>\n\t\t\t<div class='gallery-icon landscape'>\n\t\t\t\t<a data-elementor-open-lightbox=\"yes\" data-elementor-lightbox-slideshow=\"07a2037\" data-elementor-lightbox-title=\"Circuito0007\" data-e-action-hash=\"#elementor-action%3Aaction%3Dlightbox%26settings%3DeyJpZCI6ODY4LCJ1cmwiOiJodHRwczpcL1wvYWNyb3NzbnQuY29tLmFyXC93cC1jb250ZW50XC91cGxvYWRzXC8yMDI0XC8wMlwvQ2lyY3VpdG8wMDA3LmpwZyIsInNsaWRlc2hvdyI6IjA3YTIwMzcifQ%3D%3D\" href='https:\/\/acrossnt.com.ar\/wp-content\/uploads\/2024\/02\/Circuito0007.jpg'><img loading=\"lazy\" decoding=\"async\" width=\"150\" height=\"150\" src=\"https:\/\/acrossnt.com.ar\/wp-content\/uploads\/2024\/02\/Circuito0007-150x150.jpg\" class=\"attachment-thumbnail size-thumbnail\" alt=\"\" srcset=\"https:\/\/acrossnt.com.ar\/wp-content\/uploads\/2024\/02\/Circuito0007-150x150.jpg 150w, https:\/\/acrossnt.com.ar\/wp-content\/uploads\/2024\/02\/Circuito0007-120x120.jpg 120w, https:\/\/acrossnt.com.ar\/wp-content\/uploads\/2024\/02\/Circuito0007-370x370.jpg 370w\" sizes=\"(max-width: 150px) 100vw, 150px\" \/><\/a>\n\t\t\t<\/div><\/figure><figure class='gallery-item'>\n\t\t\t<div class='gallery-icon landscape'>\n\t\t\t\t<a data-elementor-open-lightbox=\"yes\" data-elementor-lightbox-slideshow=\"07a2037\" data-elementor-lightbox-title=\"Circuito0008\" data-e-action-hash=\"#elementor-action%3Aaction%3Dlightbox%26settings%3DeyJpZCI6ODY5LCJ1cmwiOiJodHRwczpcL1wvYWNyb3NzbnQuY29tLmFyXC93cC1jb250ZW50XC91cGxvYWRzXC8yMDI0XC8wMlwvQ2lyY3VpdG8wMDA4LmpwZyIsInNsaWRlc2hvdyI6IjA3YTIwMzcifQ%3D%3D\" href='https:\/\/acrossnt.com.ar\/wp-content\/uploads\/2024\/02\/Circuito0008.jpg'><img loading=\"lazy\" decoding=\"async\" width=\"150\" height=\"150\" src=\"https:\/\/acrossnt.com.ar\/wp-content\/uploads\/2024\/02\/Circuito0008-150x150.jpg\" class=\"attachment-thumbnail size-thumbnail\" alt=\"\" srcset=\"https:\/\/acrossnt.com.ar\/wp-content\/uploads\/2024\/02\/Circuito0008-150x150.jpg 150w, https:\/\/acrossnt.com.ar\/wp-content\/uploads\/2024\/02\/Circuito0008-120x120.jpg 120w, https:\/\/acrossnt.com.ar\/wp-content\/uploads\/2024\/02\/Circuito0008-370x370.jpg 370w\" sizes=\"(max-width: 150px) 100vw, 150px\" \/><\/a>\n\t\t\t<\/div><\/figure>\n\t\t<\/div>\n\t\t<\/div>\n\t\t\t\t\t\t<\/div>\n\t\t\t\t<\/div>\n\t\t\t\t\t<\/div>\n\t\t\t\t<\/div>\n\t\t<div class=\"elementor-element elementor-element-c8e6cb8 e-flex e-con-boxed sc_inner_width_none sc_layouts_column_icons_position_left e-con e-parent\" data-id=\"c8e6cb8\" data-element_type=\"container\" data-e-type=\"container\" data-settings=\"{&quot;background_background&quot;:&quot;classic&quot;}\">\n\t\t\t\t\t<div class=\"e-con-inner\">\n\t\t<div class=\"elementor-element elementor-element-d01e317 e-con-full e-flex sc_inner_width_none sc_layouts_column_icons_position_left e-con e-child\" data-id=\"d01e317\" data-element_type=\"container\" data-e-type=\"container\">\n\t\t\t\t<div class=\"elementor-element elementor-element-a86fb00 animation_type_block sc_fly_static elementor-invisible elementor-widget elementor-widget-image\" data-id=\"a86fb00\" data-element_type=\"widget\" data-e-type=\"widget\" data-settings=\"{&quot;_animation&quot;:&quot;ta_under_strips&quot;}\" data-widget_type=\"image.default\">\n\t\t\t\t<div class=\"elementor-widget-container\">\n\t\t\t\t\t\t\t\t\t\t\t\t\t\t\t<img loading=\"lazy\" decoding=\"async\" width=\"550\" height=\"550\" src=\"https:\/\/acrossnt.com.ar\/wp-content\/uploads\/2024\/02\/bg.webp\" class=\"attachment-large size-large wp-image-141\" alt=\"\" srcset=\"https:\/\/acrossnt.com.ar\/wp-content\/uploads\/2024\/02\/bg.webp 550w, https:\/\/acrossnt.com.ar\/wp-content\/uploads\/2024\/02\/bg-300x300.webp 300w, https:\/\/acrossnt.com.ar\/wp-content\/uploads\/2024\/02\/bg-150x150.webp 150w, https:\/\/acrossnt.com.ar\/wp-content\/uploads\/2024\/02\/bg-370x370.webp 370w, https:\/\/acrossnt.com.ar\/wp-content\/uploads\/2024\/02\/bg-120x120.webp 120w, https:\/\/acrossnt.com.ar\/wp-content\/uploads\/2024\/02\/bg-410x410.webp 410w\" sizes=\"(max-width: 600px) 100vw, 550px\" \/>\t\t\t\t\t\t\t\t\t\t\t\t\t\t\t<\/div>\n\t\t\t\t<\/div>\n\t\t\t\t<\/div>\n\t\t<div class=\"elementor-element elementor-element-432f580 e-con-full e-flex sc_inner_width_none sc_layouts_column_icons_position_left e-con e-child\" data-id=\"432f580\" data-element_type=\"container\" data-e-type=\"container\">\n\t\t\t\t<div class=\"elementor-element elementor-element-d15cf03 animation_type_block sc_fly_static elementor-invisible elementor-widget elementor-widget-trx_sc_title\" data-id=\"d15cf03\" data-element_type=\"widget\" data-e-type=\"widget\" data-settings=\"{&quot;_animation&quot;:&quot;ta_under_strips&quot;}\" data-widget_type=\"trx_sc_title.default\">\n\t\t\t\t<div class=\"elementor-widget-container\">\n\t\t\t\t\t<div\t\tclass=\"sc_title sc_title_default\" ><h2 class=\"sc_item_title sc_title_title sc_item_title_style_default\"\n\t\t\t><span class=\"sc_item_title_text\">Experiencia y experticia.<\/span><\/h2><div class=\"sc_item_descr sc_title_descr\"><p>Nuestro equipo experto tiene una amplia experiencia en soluciones de cableado estructurado, fibra \u00f3ptica y CCTV.<br \/>\nPodemos brindar soluciones adecuadas<br \/>\npara tus necesidades.<\/p>\n<\/div><\/div>\t\t\t\t<\/div>\n\t\t\t\t<\/div>\n\t\t\t\t<\/div>\n\t\t\t\t\t<\/div>\n\t\t\t\t<\/div>\n\t\t<div class=\"elementor-element elementor-element-df28654 e-flex e-con-boxed sc_inner_width_none sc_layouts_column_icons_position_left e-con e-parent\" data-id=\"df28654\" data-element_type=\"container\" data-e-type=\"container\" data-settings=\"{&quot;background_background&quot;:&quot;classic&quot;}\">\n\t\t\t\t\t<div class=\"e-con-inner\">\n\t\t<div class=\"elementor-element elementor-element-9b56f76 e-con-full e-flex sc_inner_width_none sc_layouts_column_icons_position_left e-con e-child\" data-id=\"9b56f76\" data-element_type=\"container\" data-e-type=\"container\">\n\t\t\t\t<div class=\"elementor-element elementor-element-b749667 animation_type_block sc_fly_static elementor-invisible elementor-widget elementor-widget-trx_sc_title\" data-id=\"b749667\" data-element_type=\"widget\" data-e-type=\"widget\" data-settings=\"{&quot;_animation&quot;:&quot;ta_under_strips&quot;}\" data-widget_type=\"trx_sc_title.default\">\n\t\t\t\t<div class=\"elementor-widget-container\">\n\t\t\t\t\t<div\t\tclass=\"sc_title sc_title_default\" ><h2 class=\"sc_item_title sc_title_title sc_item_title_style_default\"\n\t\t\t><span class=\"sc_item_title_text\">Ahorre en costos de\nmantenimiento.<\/span><\/h2><div class=\"sc_item_descr sc_title_descr\"><p>Con la soluci\u00f3n de cableado estructurado de AcrossNT, los costos de mantenimiento se reducen dr\u00e1sticamente y se optimiza el tiempo de resoluci\u00f3n de problemas.<\/p>\n<\/div><\/div>\t\t\t\t<\/div>\n\t\t\t\t<\/div>\n\t\t\t\t<\/div>\n\t\t<div class=\"elementor-element elementor-element-9089aed e-con-full e-flex sc_inner_width_none sc_layouts_column_icons_position_left e-con e-child\" data-id=\"9089aed\" data-element_type=\"container\" data-e-type=\"container\">\n\t\t\t\t<div class=\"elementor-element elementor-element-5669410 animation_type_block sc_fly_static elementor-invisible elementor-widget elementor-widget-image\" data-id=\"5669410\" data-element_type=\"widget\" data-e-type=\"widget\" data-settings=\"{&quot;_animation&quot;:&quot;ta_under_strips&quot;}\" data-widget_type=\"image.default\">\n\t\t\t\t<div class=\"elementor-widget-container\">\n\t\t\t\t\t\t\t\t\t\t\t\t\t\t\t<img loading=\"lazy\" decoding=\"async\" width=\"550\" height=\"550\" src=\"https:\/\/acrossnt.com.ar\/wp-content\/uploads\/2024\/02\/google.webp\" class=\"attachment-large size-large wp-image-262\" alt=\"\" srcset=\"https:\/\/acrossnt.com.ar\/wp-content\/uploads\/2024\/02\/google.webp 550w, https:\/\/acrossnt.com.ar\/wp-content\/uploads\/2024\/02\/google-300x300.webp 300w, https:\/\/acrossnt.com.ar\/wp-content\/uploads\/2024\/02\/google-150x150.webp 150w, https:\/\/acrossnt.com.ar\/wp-content\/uploads\/2024\/02\/google-370x370.webp 370w, https:\/\/acrossnt.com.ar\/wp-content\/uploads\/2024\/02\/google-120x120.webp 120w, https:\/\/acrossnt.com.ar\/wp-content\/uploads\/2024\/02\/google-410x410.webp 410w\" sizes=\"(max-width: 600px) 100vw, 550px\" \/>\t\t\t\t\t\t\t\t\t\t\t\t\t\t\t<\/div>\n\t\t\t\t<\/div>\n\t\t\t\t<\/div>\n\t\t\t\t\t<\/div>\n\t\t\t\t<\/div>\n\t\t<div class=\"elementor-element elementor-element-705b233 e-flex e-con-boxed sc_inner_width_none sc_layouts_column_icons_position_left e-con e-parent\" data-id=\"705b233\" data-element_type=\"container\" data-e-type=\"container\" data-settings=\"{&quot;background_background&quot;:&quot;classic&quot;}\">\n\t\t\t\t\t<div class=\"e-con-inner\">\n\t\t<div class=\"elementor-element elementor-element-970cb33 e-con-full e-flex sc_inner_width_none sc_layouts_column_icons_position_left e-con e-child\" data-id=\"970cb33\" data-element_type=\"container\" data-e-type=\"container\">\n\t\t\t\t<div class=\"elementor-element elementor-element-2cef321 animation_type_block sc_fly_static elementor-invisible elementor-widget elementor-widget-image\" data-id=\"2cef321\" data-element_type=\"widget\" data-e-type=\"widget\" data-settings=\"{&quot;_animation&quot;:&quot;ta_under_strips&quot;}\" data-widget_type=\"image.default\">\n\t\t\t\t<div class=\"elementor-widget-container\">\n\t\t\t\t\t\t\t\t\t\t\t\t\t\t\t<img loading=\"lazy\" decoding=\"async\" width=\"600\" height=\"600\" src=\"https:\/\/acrossnt.com.ar\/wp-content\/uploads\/2024\/02\/mujer.webp\" class=\"attachment-large size-large wp-image-854\" alt=\"\" srcset=\"https:\/\/acrossnt.com.ar\/wp-content\/uploads\/2024\/02\/mujer.webp 600w, https:\/\/acrossnt.com.ar\/wp-content\/uploads\/2024\/02\/mujer-300x300.webp 300w, https:\/\/acrossnt.com.ar\/wp-content\/uploads\/2024\/02\/mujer-150x150.webp 150w, https:\/\/acrossnt.com.ar\/wp-content\/uploads\/2024\/02\/mujer-370x370.webp 370w, https:\/\/acrossnt.com.ar\/wp-content\/uploads\/2024\/02\/mujer-120x120.webp 120w, https:\/\/acrossnt.com.ar\/wp-content\/uploads\/2024\/02\/mujer-410x410.webp 410w\" sizes=\"(max-width: 600px) 100vw, 600px\" \/>\t\t\t\t\t\t\t\t\t\t\t\t\t\t\t<\/div>\n\t\t\t\t<\/div>\n\t\t\t\t<\/div>\n\t\t<div class=\"elementor-element elementor-element-73a879f e-con-full e-flex sc_inner_width_none sc_layouts_column_icons_position_left e-con e-child\" data-id=\"73a879f\" data-element_type=\"container\" data-e-type=\"container\">\n\t\t\t\t<div class=\"elementor-element elementor-element-4224bb8 animation_type_block sc_fly_static elementor-invisible elementor-widget elementor-widget-trx_sc_title\" data-id=\"4224bb8\" data-element_type=\"widget\" data-e-type=\"widget\" data-settings=\"{&quot;_animation&quot;:&quot;ta_under_strips&quot;}\" data-widget_type=\"trx_sc_title.default\">\n\t\t\t\t<div class=\"elementor-widget-container\">\n\t\t\t\t\t<div\t\tclass=\"sc_title sc_title_default\" ><h2 class=\"sc_item_title sc_title_title sc_item_title_style_default\"\n\t\t\t><span class=\"sc_item_title_text\">Soluciones personalizadas.<\/span><\/h2><div class=\"sc_item_descr sc_title_descr\"><p>En AcrossNT, creemos que cada cliente es \u00fanico y tratamos de adaptarnos a sus necesidades espec\u00edficas. Ofrecemos<br \/>\nsoluciones personalizadas para ayudarte a alcanzar tus metas.<\/p>\n<\/div><\/div>\t\t\t\t<\/div>\n\t\t\t\t<\/div>\n\t\t\t\t<\/div>\n\t\t\t\t\t<\/div>\n\t\t\t\t<\/div>\n\t\t\t\t<\/div>\n\t\t","protected":false},"excerpt":{"rendered":"<p>Servicios de cableado estructurado para Empresas La instalaci\u00f3n de cableado estructurado es una inversi\u00f3n para la empresa. En la actualidad no se concibe una empresa que descuide sus conexiones de&hellip;<\/p>\n","protected":false},"author":1,"featured_media":0,"parent":24,"menu_order":0,"comment_status":"closed","ping_status":"closed","template":"","meta":{"rs_blank_template":"","rs_page_bg_color":"","slide_template_v7":"","_joinchat":[],"footnotes":""},"class_list":["post-829","page","type-page","status-publish","hentry"],"_links":{"self":[{"href":"https:\/\/acrossnt.com.ar\/index.php\/wp-json\/wp\/v2\/pages\/829","targetHints":{"allow":["GET"]}}],"collection":[{"href":"https:\/\/acrossnt.com.ar\/index.php\/wp-json\/wp\/v2\/pages"}],"about":[{"href":"https:\/\/acrossnt.com.ar\/index.php\/wp-json\/wp\/v2\/types\/page"}],"author":[{"embeddable":true,"href":"https:\/\/acrossnt.com.ar\/index.php\/wp-json\/wp\/v2\/users\/1"}],"replies":[{"embeddable":true,"href":"https:\/\/acrossnt.com.ar\/index.php\/wp-json\/wp\/v2\/comments?post=829"}],"version-history":[{"count":40,"href":"https:\/\/acrossnt.com.ar\/index.php\/wp-json\/wp\/v2\/pages\/829\/revisions"}],"predecessor-version":[{"id":1063,"href":"https:\/\/acrossnt.com.ar\/index.php\/wp-json\/wp\/v2\/pages\/829\/revisions\/1063"}],"up":[{"embeddable":true,"href":"https:\/\/acrossnt.com.ar\/index.php\/wp-json\/wp\/v2\/pages\/24"}],"wp:attachment":[{"href":"https:\/\/acrossnt.com.ar\/index.php\/wp-json\/wp\/v2\/media?parent=829"}],"curies":[{"name":"wp","href":"https:\/\/api.w.org\/{rel}","templated":true}]}}