{"id":835,"date":"2024-02-29T14:45:02","date_gmt":"2024-02-29T17:45:02","guid":{"rendered":"https:\/\/acrossnt.com.ar\/?page_id=835"},"modified":"2024-03-13T19:37:29","modified_gmt":"2024-03-13T22:37:29","slug":"circuitos-cerrados-cctv","status":"publish","type":"page","link":"https:\/\/acrossnt.com.ar\/index.php\/soluciones\/circuitos-cerrados-cctv\/","title":{"rendered":"Circuitos Cerrados CCTV"},"content":{"rendered":"\t\t<div data-elementor-type=\"wp-page\" data-elementor-id=\"835\" class=\"elementor elementor-835\" data-elementor-post-type=\"page\">\n\t\t\t\t<div class=\"elementor-element elementor-element-a5ff4a3 e-flex e-con-boxed sc_inner_width_none sc_layouts_column_icons_position_left e-con e-parent\" data-id=\"a5ff4a3\" data-element_type=\"container\" data-e-type=\"container\">\n\t\t\t\t\t<div class=\"e-con-inner\">\n\t\t<div class=\"elementor-element elementor-element-3b14ec1 e-con-full e-flex sc_inner_width_none sc_layouts_column_icons_position_left e-con e-child\" data-id=\"3b14ec1\" data-element_type=\"container\" data-e-type=\"container\">\n\t\t\t\t<div class=\"elementor-element elementor-element-8bc17db animation_type_block sc_fly_static elementor-invisible elementor-widget elementor-widget-image\" data-id=\"8bc17db\" data-element_type=\"widget\" data-e-type=\"widget\" data-settings=\"{&quot;_animation&quot;:&quot;ta_under_strips&quot;}\" data-widget_type=\"image.default\">\n\t\t\t\t<div class=\"elementor-widget-container\">\n\t\t\t\t\t\t\t\t\t\t\t\t\t\t\t<img fetchpriority=\"high\" decoding=\"async\" width=\"1024\" height=\"937\" src=\"https:\/\/acrossnt.com.ar\/wp-content\/uploads\/2024\/02\/CCTV0003-1024x937.jpg\" class=\"attachment-large size-large wp-image-879\" alt=\"\" srcset=\"https:\/\/acrossnt.com.ar\/wp-content\/uploads\/2024\/02\/CCTV0003-1024x937.jpg 1024w, https:\/\/acrossnt.com.ar\/wp-content\/uploads\/2024\/02\/CCTV0003-300x275.jpg 300w, https:\/\/acrossnt.com.ar\/wp-content\/uploads\/2024\/02\/CCTV0003-768x703.jpg 768w, https:\/\/acrossnt.com.ar\/wp-content\/uploads\/2024\/02\/CCTV0003-370x339.jpg 370w, https:\/\/acrossnt.com.ar\/wp-content\/uploads\/2024\/02\/CCTV0003-840x769.jpg 840w, https:\/\/acrossnt.com.ar\/wp-content\/uploads\/2024\/02\/CCTV0003-410x375.jpg 410w, https:\/\/acrossnt.com.ar\/wp-content\/uploads\/2024\/02\/CCTV0003.jpg 1112w\" sizes=\"(max-width: 1024px) 100vw, 1024px\" \/>\t\t\t\t\t\t\t\t\t\t\t\t\t\t\t<\/div>\n\t\t\t\t<\/div>\n\t\t\t\t<\/div>\n\t\t<div class=\"elementor-element elementor-element-4a72388 e-con-full e-flex sc_inner_width_none sc_layouts_column_icons_position_left e-con e-child\" data-id=\"4a72388\" data-element_type=\"container\" data-e-type=\"container\">\n\t\t\t\t<div class=\"elementor-element elementor-element-ddd04f9 animation_type_block sc_fly_static elementor-invisible elementor-widget elementor-widget-trx_sc_title\" data-id=\"ddd04f9\" data-element_type=\"widget\" data-e-type=\"widget\" data-settings=\"{&quot;_animation&quot;:&quot;ta_under_strips&quot;}\" data-widget_type=\"trx_sc_title.default\">\n\t\t\t\t<div class=\"elementor-widget-container\">\n\t\t\t\t\t<div\t\tclass=\"sc_title sc_title_default\" ><h2 class=\"sc_item_title sc_title_title sc_item_title_style_default\"\n\t\t\t><span class=\"sc_item_title_text\">Vigilancia las 24 horas del d\u00eda.<\/span><\/h2><div class=\"sc_item_descr sc_title_descr\"><p>Con nuestros sistemas de CCTV y<br \/>\ncercos perimetrales, su propiedad<br \/>\nestar\u00e1 vigilada constantemente. Podr\u00e1<br \/>\nmonitorear lo que ocurre en tiempo<br \/>\nreal desde su celular o computadora.<\/p>\n<\/div><\/div>\t\t\t\t<\/div>\n\t\t\t\t<\/div>\n\t\t\t\t<\/div>\n\t\t\t\t\t<\/div>\n\t\t\t\t<\/div>\n\t\t<div class=\"elementor-element elementor-element-43af190 e-flex e-con-boxed sc_inner_width_none sc_layouts_column_icons_position_left e-con e-parent\" data-id=\"43af190\" data-element_type=\"container\" data-e-type=\"container\">\n\t\t\t\t\t<div class=\"e-con-inner\">\n\t\t<div class=\"elementor-element elementor-element-85d720a e-con-full e-flex sc_inner_width_none sc_layouts_column_icons_position_left e-con e-child\" data-id=\"85d720a\" data-element_type=\"container\" data-e-type=\"container\">\n\t\t\t\t<div class=\"elementor-element elementor-element-3c23eea animation_type_block sc_fly_static elementor-invisible elementor-widget elementor-widget-trx_sc_title\" data-id=\"3c23eea\" data-element_type=\"widget\" data-e-type=\"widget\" data-settings=\"{&quot;_animation&quot;:&quot;ta_under_strips&quot;}\" data-widget_type=\"trx_sc_title.default\">\n\t\t\t\t<div class=\"elementor-widget-container\">\n\t\t\t\t\t<div\t\tclass=\"sc_title sc_title_default\" ><h2 class=\"sc_item_title sc_title_title sc_item_title_style_default\"\n\t\t\t><span class=\"sc_item_title_text\">Soluciones personalizadas.<\/span><\/h2><div class=\"sc_item_descr sc_title_descr\"><p>En AcrossNT entendemos que cada<br \/>\npropiedad es \u00fanica. Por eso, ofrecemos soluciones a medida para satisfacer sus necesidades de seguridad espec\u00edficas.<\/p>\n<\/div><\/div>\t\t\t\t<\/div>\n\t\t\t\t<\/div>\n\t\t\t\t<\/div>\n\t\t<div class=\"elementor-element elementor-element-eab5658 e-con-full e-flex sc_inner_width_none sc_layouts_column_icons_position_left e-con e-child\" data-id=\"eab5658\" data-element_type=\"container\" data-e-type=\"container\">\n\t\t\t\t<div class=\"elementor-element elementor-element-c27c085 animation_type_block sc_fly_static elementor-invisible elementor-widget elementor-widget-image\" data-id=\"c27c085\" data-element_type=\"widget\" data-e-type=\"widget\" data-settings=\"{&quot;_animation&quot;:&quot;ta_under_strips&quot;}\" data-widget_type=\"image.default\">\n\t\t\t\t<div class=\"elementor-widget-container\">\n\t\t\t\t\t\t\t\t\t\t\t\t\t\t\t<img decoding=\"async\" width=\"1024\" height=\"799\" src=\"https:\/\/acrossnt.com.ar\/wp-content\/uploads\/2024\/02\/CCTV0002-1024x799.jpg\" class=\"attachment-large size-large wp-image-878\" alt=\"\" srcset=\"https:\/\/acrossnt.com.ar\/wp-content\/uploads\/2024\/02\/CCTV0002-1024x799.jpg 1024w, https:\/\/acrossnt.com.ar\/wp-content\/uploads\/2024\/02\/CCTV0002-300x234.jpg 300w, https:\/\/acrossnt.com.ar\/wp-content\/uploads\/2024\/02\/CCTV0002-768x599.jpg 768w, https:\/\/acrossnt.com.ar\/wp-content\/uploads\/2024\/02\/CCTV0002-370x289.jpg 370w, https:\/\/acrossnt.com.ar\/wp-content\/uploads\/2024\/02\/CCTV0002-840x655.jpg 840w, https:\/\/acrossnt.com.ar\/wp-content\/uploads\/2024\/02\/CCTV0002-410x320.jpg 410w, https:\/\/acrossnt.com.ar\/wp-content\/uploads\/2024\/02\/CCTV0002.jpg 1290w\" sizes=\"(max-width: 1024px) 100vw, 1024px\" \/>\t\t\t\t\t\t\t\t\t\t\t\t\t\t\t<\/div>\n\t\t\t\t<\/div>\n\t\t\t\t<\/div>\n\t\t\t\t\t<\/div>\n\t\t\t\t<\/div>\n\t\t<div class=\"elementor-element elementor-element-5cbbaee e-flex e-con-boxed sc_inner_width_none sc_layouts_column_icons_position_left animation_type_block elementor-invisible e-con e-parent\" data-id=\"5cbbaee\" data-element_type=\"container\" data-e-type=\"container\" data-settings=\"{&quot;animation&quot;:&quot;medeus-fadeinup&quot;}\">\n\t\t\t\t\t<div class=\"e-con-inner\">\n\t\t\t\t<div class=\"elementor-element elementor-element-9626a82 sc_fly_static elementor-widget elementor-widget-premium-addon-banner\" data-id=\"9626a82\" data-element_type=\"widget\" data-e-type=\"widget\" data-widget_type=\"premium-addon-banner.default\">\n\t\t\t\t<div class=\"elementor-widget-container\">\n\t\t\t\t\t\t\t<div class=\"premium-banner-ib premium-banner-min-height premium-banner-animation1 zoomin premium-banner__effect-type2\">\n\t\t\t\t\t\t\t\t\t\t<img decoding=\"async\" width=\"1191\" height=\"397\" src=\"https:\/\/acrossnt.com.ar\/wp-content\/uploads\/2024\/03\/logoAcrossNT.webp\" class=\"attachment-full size-full wp-image-1164\" alt=\"\" srcset=\"https:\/\/acrossnt.com.ar\/wp-content\/uploads\/2024\/03\/logoAcrossNT.webp 1191w, https:\/\/acrossnt.com.ar\/wp-content\/uploads\/2024\/03\/logoAcrossNT-300x100.webp 300w, https:\/\/acrossnt.com.ar\/wp-content\/uploads\/2024\/03\/logoAcrossNT-1024x341.webp 1024w, https:\/\/acrossnt.com.ar\/wp-content\/uploads\/2024\/03\/logoAcrossNT-768x256.webp 768w, https:\/\/acrossnt.com.ar\/wp-content\/uploads\/2024\/03\/logoAcrossNT-370x123.webp 370w, https:\/\/acrossnt.com.ar\/wp-content\/uploads\/2024\/03\/logoAcrossNT-840x280.webp 840w, https:\/\/acrossnt.com.ar\/wp-content\/uploads\/2024\/03\/logoAcrossNT-410x137.webp 410w\" sizes=\"(max-width: 1191px) 100vw, 1191px\" \/>\t\t\t\t\t\t\t\t\t<div class=\"premium-banner-ib-desc\">\n\t\t\t\t\n\t\t\t\t\t\t\t\t\t<h2 class=\"premium-banner-ib-title premium_banner_title\">\n\t\t\t\t\t\tSolicite su cotizaci\u00f3n\t\t\t\t\t<\/h2>\n\t\t\t\t\n\t\t\t\t\t\t\t\t\t<div class=\"premium-banner-ib-content premium_banner_content\">\n\t\t\t\t\t\t<p>Envienos su duda o consulta que a la brevedad un representante se comunicar\u00e1 para realizar una correcta evaluaci\u00f3n del caso.<\/p>\t\t\t\t\t<\/div>\n\t\t\t\t\n\t\t\t\t\n\t\t\t\t\t\t\t<\/div>\n\t\t\t\t\t\t\t<a href=\"https:\/\/acrossnt.com.ar\/index.php\/contacto\/\" class=\"premium-banner-ib-link\"><\/a>\n\t\t\t\t\t<\/div>\n\n\t\t\t\t\t\t<\/div>\n\t\t\t\t<\/div>\n\t\t\t\t\t<\/div>\n\t\t\t\t<\/div>\n\t\t\t\t<\/div>\n\t\t","protected":false},"excerpt":{"rendered":"<p>Vigilancia las 24 horas del d\u00eda. Con nuestros sistemas de CCTV y cercos perimetrales, su propiedad estar\u00e1 vigilada constantemente. Podr\u00e1 monitorear lo que ocurre en tiempo real desde su celular&hellip;<\/p>\n","protected":false},"author":1,"featured_media":0,"parent":22,"menu_order":0,"comment_status":"closed","ping_status":"closed","template":"","meta":{"rs_blank_template":"","rs_page_bg_color":"","slide_template_v7":"","_joinchat":[],"footnotes":""},"class_list":["post-835","page","type-page","status-publish","hentry"],"_links":{"self":[{"href":"https:\/\/acrossnt.com.ar\/index.php\/wp-json\/wp\/v2\/pages\/835","targetHints":{"allow":["GET"]}}],"collection":[{"href":"https:\/\/acrossnt.com.ar\/index.php\/wp-json\/wp\/v2\/pages"}],"about":[{"href":"https:\/\/acrossnt.com.ar\/index.php\/wp-json\/wp\/v2\/types\/page"}],"author":[{"embeddable":true,"href":"https:\/\/acrossnt.com.ar\/index.php\/wp-json\/wp\/v2\/users\/1"}],"replies":[{"embeddable":true,"href":"https:\/\/acrossnt.com.ar\/index.php\/wp-json\/wp\/v2\/comments?post=835"}],"version-history":[{"count":28,"href":"https:\/\/acrossnt.com.ar\/index.php\/wp-json\/wp\/v2\/pages\/835\/revisions"}],"predecessor-version":[{"id":1190,"href":"https:\/\/acrossnt.com.ar\/index.php\/wp-json\/wp\/v2\/pages\/835\/revisions\/1190"}],"up":[{"embeddable":true,"href":"https:\/\/acrossnt.com.ar\/index.php\/wp-json\/wp\/v2\/pages\/22"}],"wp:attachment":[{"href":"https:\/\/acrossnt.com.ar\/index.php\/wp-json\/wp\/v2\/media?parent=835"}],"curies":[{"name":"wp","href":"https:\/\/api.w.org\/{rel}","templated":true}]}}